emainder when 3894935 is divided by 472.
463
What is the remainder when 6902531 is divided by 637?
636
What is the remainder when 285786 is divided by 1259?
1252
Calculate the remainder when 4509350 is divided by 67.
49
Calculate the remainder when 551544 is divided by 275633.
278
What is the remainder when 473058 is divided by 19?
15
Calculate the remainder when 396562 is divided by 2055.
2002
Calculate the remainder when 167556 is divided by 95.
71
What is the remainder when 492001415 is divided by 23?
20
What is the remainder when 138170 is divided by 102?
62
What is the remainder when 67116 is divided by 1022?
686
Calculate the remainder when 6370452 is divided by 109834.
80
What is the remainder when 30414 is divided by 298?
18
Calculate the remainder when 304499 is divided by 76101.
95
What is the remainder when 40402 is divided by 978?
304
Calculate the remainder when 5701296 is divided by 92.
56
Calculate the remainder when 122346 is divided by 30.
6
Calculate the remainder when 720347 is divided by 720333.
14
What is the remainder when 986260 is divided by 89624?
396
What is the remainder when 23246 is divided by 13?
2
Calculate the remainder when 2794162 is divided by 75517.
33
What is the remainder when 887373 is divided by 973?
970
Calculate the remainder when 354059 is divided by 177020.
19
Calculate the remainder when 33080968 is divided by 5513494.
4
Calculate the remainder when 126579 is divided by 7323.
2088
What is the remainder when 17608260 is divided by 424?
388
What is the remainder when 47565677 is divided by 40447?
5
What is the remainder when 369935 is divided by 64?
15
Calculate the remainder when 18428 is divided by 2294.
76
What is the remainder when 9723251 is divided by 173?
132
Calculate the remainder when 89130 is divided by 44357.
416
Calculate the remainder when 25007914 is divided by 1223.
10
What is the remainder when 220871 is divided by 44172?
11
Calculate the remainder when 889259 is divided by 26.
7
What is the remainder when 205096 is divided by 65228?
9412
What is the remainder when 13866305 is divided by 338202?
23
Calculate the remainder when 439662 is divided by 87925.
37
What is the remainder when 26263 is divided by 13159?
13104
What is the remainder when 37098721 is divided by 46?
43
Calculate the remainder when 114542 is divided by 695.
562
Calculate the remainder when 1699712 is divided by 267.
257
What is the remainder when 106308 is divided by 106177?
131
What is the remainder when 363470 is divided by 444?
278
What is the remainder when 74908 is divided by 35?
8
Calculate the remainder when 46760 is divided by 5399.
3568
What is the remainder when 3002677 is divided by 11?
7
Calculate the remainder when 75729144 is divided by 193.
190
Calculate the remainder when 10657 is divided by 2646.
73
Calculate the remainder when 401923 is divided by 28632.
1075
What is the remainder when 9224247 is divided by 653?
622
What is the remainder when 1101789 is divided by 64810?
19
What is the remainder when 1291787 is divided by 229?
227
What is the remainder when 375681 is divided by 51?
15
Calculate the remainder when 22875 is divided by 1593.
573
Calculate the remainder when 8929 is divided by 1741.
224
What is the remainder when 95381 is divided by 47627?
127
Calculate the remainder when 47101971 is divided by 958.
943
Calculate the remainder when 234156 is divided by 54.
12
Calculate the remainder when 27338 is divided by 9037.
227
Calculate the remainder when 47548975 is divided by 17889.
13
Calculate the remainder when 22468116 is divided by 11234053.
10
What is the remainder when 8427534 is divided by 234098?
6
What is the remainder when 7475024 is divided by 149499?
74
What is the remainder when 2497782 is divided by 30?
12
Calculate the remainder when 14999130 is divided by 326068.
2
Calculate the remainder when 364071510 is divided by 123.
120
What is the remainder when 755122 is divided by 377558?
6
Calculate the remainder when 7436212 is divided by 146.
140
Calculate the remainder when 1753966 is divided by 3924.
3862
Calculate the remainder when 11315438 is divided by 8.
6
Calculate the remainder when 25419072 is divided by 48.
0
What is the remainder when 8327 is divided by 525?
452
What is the remainder when 9679586 is divided by 10672?
82
Calculate the remainder when 1418169 is divided by 354459.
333
What is the remainder when 73318 is divided by 12185?
208
Calculate the remainder when 332310 is divided by 2465.
2000
What is the remainder when 306382 is divided by 5471?
6
What is the remainder when 9254995 is divided by 591?
526
What is the remainder when 44868 is divided by 1471?
738
What is the remainder when 305465 is divided by 61023?
350
What is the remainder when 395770 is divided by 197833?
104
Calculate the remainder when 5092552 is divided by 73.
72
What is the remainder when 65576 is divided by 32781?
14
What is the remainder when 1088836669 is divided by 187?
184
Calculate the remainder when 19218 is divided by 366.
186
What is the remainder when 51035675 is divided by 1236?
1235
What is the remainder when 721088 is divided by 3736?
40
What is the remainder when 12234903 is divided by 244?
11
What is the remainder when 117491 is divided by 94?
85
Calculate the remainder when 258482 is divided by 15197.
133
What is the remainder when 131389 is divided by 61?
56
Calculate the remainder when 2369854 is divided by 682.
586
Calculate the remainder when 3505037 is divided by 569.
566
Calculate the remainder when 425905 is divided by 141960.
25
Calculate the remainder when 3675056 is divided by 918761.
12
Calculate the remainder when 3384675 is divided by 4495.
4435
What is the remainder when 1523968 is divided by 117224?
56
Calculate the remainder when 28528628 is divided by 300301.
33
What is the remainder when 291848 is divided by 291829?
19
What is the remainder when 1091698 is divided by 1091680?
18
Calculate the remainder when 1390696 is divided by 3.
1
What is the remainder when 337590 is divided by 7939?
4152
What is the remainder when 146355 is divided by 73116?
123
What is the remainder when 60822977 is divided by 7602872?
1
Calculate the remainder when 91326 is divided by 638.
92
What is the remainder when 2653365 is divided by 1326041?
1283
Calculate the remainder when 344509061 is divided by 3854.
1
What is the remainder when 15957 is divided by 3888?
405
Calculate the remainder when 6830201 is divided by 4886.
4459
Calculate the remainder when 111565739 is divided by 3941.
3911
What is the remainder when 11568643 is divided by 368?
195
What is the remainder when 16230973 is divided by 264?
253
Calculate the remainder when 426871 is divided by 798.
739
Calculate the remainder when 308179 is divided by 98443.
12850
Calculate the remainder when 32512 is divided by 1422.
1228
Calculate the remainder when 786298 is divided by 30238.
110
What is the remainder when 19642 is divided by 1664?
1338
Calculate the remainder when 541327 is divided by 4365.
67
What is the remainder when 3722166 is divided by 64?
54
Calculate the remainder when 1253119 is divided by 675.
319
What is the remainder when 68563 is divided by 1917?
1468
Calculate the remainder when 353105 is divided by 2475.
1655
Calculate the remainder when 89087 is divided by 11133.
23
Calculate the remainder when 514148 is divided by 42840.
68
Calculate the remainder when 118366 is divided by 3333.
1711
Calculate the remainder when 49980 is divided by 320.
60
Calculate the remainder when 530099 is divided by 176622.
233
What is the remainder when 3937204 is divided by 1235?
24
Calculate the remainder when 2651837 is divided by 13461.
20
Calculate the remainder when 179597 is divided by 44816.
333
What is the remainder when 2685438 is divided by 895091?
165
What is the remainder when 208366588 is divided by 34727764?
4
What is the remainder when 121706 is divided by 40519?
149
What is the remainder when 35861023 is divided by 1236587?
0
Calculate the remainder when 64829174 is divided by 37.
31
What is the remainder when 212304444 is divided by 23589382?
6
Calculate the remainder when 28909 is divided by 1980.
1189
Calculate the remainder when 3197827 is divided by 176.
83
What is the remainder when 3441163 is divide